t common factor of 270809 and 616.
77
What is the greatest common divisor of 80 and 74362240?
80
Calculate the greatest common divisor of 285 and 104334339.
57
What is the greatest common divisor of 797020 and 63?
7
Calculate the highest common factor of 1028255772 and 976.
244
What is the greatest common divisor of 1026 and 53032059?
171
What is the highest common factor of 130481514 and 5256?
1314
Calculate the greatest common factor of 488659 and 321715.
1739
Calculate the greatest common divisor of 63 and 474639921.
63
Calculate the greatest common factor of 4 and 26783774.
2
What is the greatest common factor of 317964449 and 176?
11
Calculate the highest common factor of 3136 and 172036256.
1568
What is the highest common divisor of 1141464 and 8994048?
5736
Calculate the highest common divisor of 320 and 4726640.
80
What is the greatest common factor of 49399922 and 946?
22
Calculate the highest common divisor of 16 and 7093067.
1
What is the greatest common factor of 23890305 and 930?
465
Calculate the greatest common divisor of 4 and 99040012.
4
What is the highest common divisor of 49 and 2615774?
7
Calculate the highest common divisor of 1148597971 and 827.
827
Calculate the highest common factor of 234 and 1185390.
18
What is the greatest common factor of 28 and 1209954886?
14
Calculate the highest common divisor of 934635138 and 846.
282
What is the highest common factor of 346545 and 7089?
51
What is the greatest common factor of 48517 and 2206687?
1673
Calculate the highest common factor of 3630 and 113831355.
1815
Calculate the highest common divisor of 2004234 and 456.
114
What is the highest common factor of 13029368 and 176?
88
Calculate the greatest common factor of 1428311 and 407.
37
Calculate the greatest common divisor of 33605 and 335660.
65
What is the highest common factor of 2326560 and 370?
370
What is the greatest common divisor of 70 and 92468432?
14
What is the highest common divisor of 1305 and 91843?
29
What is the highest common factor of 5433 and 225489421?
1811
Calculate the greatest common factor of 10252 and 1388680.
932
What is the highest common divisor of 36811 and 482211?
131
Calculate the highest common factor of 2685871 and 2852.
713
What is the highest common factor of 129869793 and 687?
687
Calculate the greatest common factor of 9074 and 101062.
26
What is the highest common factor of 478573860 and 360?
60
What is the highest common factor of 100178073 and 3?
3
Calculate the greatest common divisor of 8629458 and 60534.
6726
Calculate the greatest common divisor of 23814 and 2633358.
294
What is the highest common factor of 26 and 538447169?
13
Calculate the highest common divisor of 249735 and 1335.
15
What is the highest common divisor of 231 and 119532189?
21
What is the greatest common factor of 28410 and 1054260?
30
Calculate the highest common factor of 39924730 and 32470.
1910
What is the highest common factor of 1572051 and 75492?
699
Calculate the greatest common divisor of 28924092 and 252.
36
Calculate the highest common factor of 2529438283 and 1901.
1901
What is the greatest common factor of 994 and 82458122?
142
Calculate the highest common divisor of 1844 and 63157.
461
What is the highest common divisor of 597360 and 683427?
393
Calculate the highest common divisor of 8413800 and 90.
30
Calculate the highest common divisor of 2 and 1142522.
2
What is the greatest common divisor of 321599 and 71068?
163
What is the greatest common factor of 652178 and 4396?
314
Calculate the highest common factor of 1071438 and 14716.
566
Calculate the greatest common factor of 154985 and 663030.
695
What is the highest common divisor of 1729 and 32215925?
133
Calculate the highest common divisor of 5083 and 561821.
299
Calculate the greatest common factor of 998242 and 11606.
14
What is the highest common divisor of 1746529691 and 571?
571
Calculate the greatest common factor of 3550 and 28756775.
1775
What is the highest common divisor of 11104 and 53216?
32
What is the greatest common factor of 4259204 and 76?
4
Calculate the highest common factor of 88674994 and 846.
94
What is the highest common factor of 34 and 959089?
17
Calculate the greatest common factor of 2292 and 5777592.
12
What is the highest common divisor of 842982 and 840?
42
What is the greatest common factor of 112 and 339151?
1
What is the greatest common divisor of 25245 and 1022890?
935
Calculate the highest common divisor of 546 and 976326.
78
What is the highest common factor of 2656792 and 484?
4
What is the greatest common divisor of 4462 and 1375751?
97
Calculate the highest common divisor of 185802 and 1328538.
1074
What is the highest common divisor of 25125 and 48854725?
1675
Calculate the highest common divisor of 21615 and 892650.
165
Calculate the highest common factor of 518687 and 273.
13
Calculate the greatest common factor of 109562287 and 622016.
9719
Calculate the highest common divisor of 69 and 86231393.
23
Calculate the highest common factor of 54 and 502410789.
27
What is the greatest common factor of 55513920 and 3840?
960
What is the greatest common factor of 21146505 and 1671?
1671
What is the highest common factor of 3096296 and 1162?
14
Calculate the greatest common divisor of 2982095302 and 8849.
8849
What is the highest common factor of 15 and 9366105?
15
What is the highest common divisor of 812 and 1448468?
28
What is the greatest common divisor of 60 and 20550380?
20
What is the greatest common factor of 6989481 and 477?
477
Calculate the highest common factor of 7695 and 221174307.
1539
What is the highest common divisor of 9076 and 32281063?
2269
Calculate the greatest common factor of 912438 and 11358.
18
Calculate the greatest common factor of 10228830 and 65490.
1770
Calculate the highest common divisor of 312 and 1098996.
12
Calculate the highest common factor of 10751 and 10270.
13
Calculate the greatest common factor of 166200 and 738600.
600
Calculate the greatest common divisor of 625194 and 4544850.
4434
Calculate the greatest common factor of 2466 and 238008.
6
Calculate the highest common divisor of 5869665 and 6075.
1215
What is the highest common factor of 13152 and 20256?
96
What is the highest common divisor of 47495 and 1419698?
161
What is the greatest common factor of 543363 and 14200?
71
What is the greatest common divisor of 35246145 and 330?
165
Calculate the greatest common divisor of 135637768 and 56.
56
What is the highest common divisor of 182573285 and 5260?
1315
Calculate the highest common factor of 156 and 9860019.
39
Calculate the highest common factor of 17733726 and 18.
18
What is the greatest common factor of 231 and 735119?
77
Calculate the greatest common factor of 2100 and 2712900.
300
What is the greatest common factor of 29 and 11460452?
29
Calculate the highest common factor of 2856 and 475801032.
2856
Calculate the greatest common divisor of 4019129471 and 329.
329
What is the highest common divisor of 10800 and 117639?
27
Calculate the highest common factor of 512492460 and 24.
12
What is the greatest common factor of 207394 and 5390?
22
Calculate the highest common divisor of 2162610 and 585.
45
Calculate the greatest common factor of 12843622 and 132.
22
Calculate the highest common factor of 39 and 140571561.
39
What is the highest common divisor of 19776 and 194496?
192
Calculate the greatest common factor of 1594779 and 59943207.
14631
What is the greatest common divisor of 107500 and 1124?
4
Calculate the highest common divisor of 51520236 and 192.
12
Calculate the highest common factor of 146890637 and 1.
1
What is the greatest common factor of 821543 and 27574?
811
What is the greatest common factor of 3886 and 2995874?
58
What is the greatest common divisor of 293235 and 54841?
173
Calculate the greatest common divisor of 320662917 and 27.
9
Calculate the highest common factor of 13 and 587199873.
13
Calculate the highest common factor of 230 and 44164255.
115
What is the greatest common divisor of 82 and 22410805?
41
What is the greatest common divisor of 26719011 and 594?
297
Calculate the greatest common factor of 74655 and 10311.
21
What is the highest common factor of 408975 and 440832?
861
Calculate the highest common factor of 29584